120?
9
What is the ten thousands digit of 21456940?
5
What is the hundreds digit of 313259976?
9
What is the hundred thousands digit of 18305179?
3
What is the ten thousands digit of 25630274?
3
What is the units digit of 128299314?
4
What is the ten millions digit of 264198885?
6
What is the thousands digit of 110433157?
3
What is the ten thousands digit of 85282219?
8
What is the hundreds digit of 922543376?
3
What is the hundreds digit of 40027582?
5
What is the hundreds digit of 104529640?
6
What is the thousands digit of 110204164?
4
What is the thousands digit of 104741562?
1
What is the hundreds digit of 1164668170?
1
What is the ten millions digit of 1839550058?
3
What is the millions digit of 9274733?
9
What is the ten thousands digit of 64792589?
9
What is the units digit of 32539278?
8
What is the hundred millions digit of 279004158?
2
What is the millions digit of 3214067282?
4
What is the hundred thousands digit of 414969362?
9
What is the millions digit of 29670419?
9
What is the billions digit of 1727065212?
1
What is the units digit of 58228560?
0
What is the millions digit of 136149229?
6
What is the hundred thousands digit of 40355911?
3
What is the ten millions digit of 342507937?
4
What is the tens digit of 20721050?
5
What is the ten thousands digit of 128282002?
8
What is the hundred thousands digit of 887713432?
7
What is the tens digit of 200130978?
7
What is the millions digit of 621190841?
1
What is the ten thousands digit of 547687135?
8
What is the ten millions digit of 35781128?
3
What is the ten millions digit of 36186171?
3
What is the hundreds digit of 22380022?
0
What is the hundreds digit of 2384323331?
3
What is the units digit of 565592164?
4
What is the hundreds digit of 115621483?
4
What is the thousands digit of 150422181?
2
What is the thousands digit of 93204932?
4
What is the hundreds digit of 3734341343?
3
What is the hundred thousands digit of 678857682?
8
What is the hundreds digit of 15751856?
8
What is the tens digit of 1108677238?
3
What is the billions digit of 1496507961?
1
What is the units digit of 202237776?
6
What is the ten millions digit of 308279715?
0
What is the hundreds digit of 3847520180?
1
What is the hundred thousands digit of 130186674?
1
What is the tens digit of 774802434?
3
What is the hundred millions digit of 283955137?
2
What is the hundreds digit of 3037757882?
8
What is the tens digit of 116859821?
2
What is the hundreds digit of 957442240?
2
What is the units digit of 54177560?
0
What is the ten millions digit of 460924128?
6
What is the units digit of 8315355?
5
What is the hundred millions digit of 575490758?
5
What is the hundreds digit of 162882224?
2
What is the hundred millions digit of 1641555111?
6
What is the ten thousands digit of 40090256?
9
What is the units digit of 77142876?
6
What is the millions digit of 113678630?
3
What is the ten millions digit of 7739691973?
3
What is the hundreds digit of 64512415?
4
What is the hundreds digit of 36309201?
2
What is the ten thousands digit of 177826528?
2
What is the hundred millions digit of 392803544?
3
What is the units digit of 187423412?
2
What is the billions digit of 3517067279?
3
What is the tens digit of 90891569?
6
What is the millions digit of 1385788032?
5
What is the thousands digit of 3805239330?
9
What is the hundreds digit of 39484817?
8
What is the hundred thousands digit of 648625647?
6
What is the ten millions digit of 319483247?
1
What is the thousands digit of 41765746?
5
What is the ten millions digit of 927696249?
2
What is the units digit of 225531073?
3
What is the hundred thousands digit of 1447074204?
0
What is the thousands digit of 83392795?
2
What is the ten thousands digit of 85003044?
0
What is the units digit of 349346039?
9
What is the hundred thousands digit of 74869886?
8
What is the millions digit of 592629528?
2
What is the hundred millions digit of 146661432?
1
What is the tens digit of 153977423?
2
What is the units digit of 782460418?
8
What is the tens digit of 47923254?
5
What is the units digit of 2582299332?
2
What is the thousands digit of 247021508?
1
What is the hundred thousands digit of 60645242?
6
What is the hundreds digit of 1778848?
8
What is the millions digit of 78800182?
8
What is the hundred millions digit of 479731249?
4
What is the tens digit of 59806969?
6
What is the thousands digit of 3058036839?
6
What is the tens digit of 20261371?
7
What is the ten millions digit of 33302244?
3
What is the thousands digit of 328090199?
0
What is the ten thousands digit of 236808896?
0
What is the ten thousands digit of 822536650?
3
What is the millions digit of 187400909?
7
What is the units digit of 525660312?
2
What is the hundred thousands digit of 2110229754?
2
What is the ten thousands digit of 4558230700?
3
What is the millions digit of 87546519?
7
What is the hundreds digit of 24784199?
1
What is the hundred millions digit of 523627575?
5
What is the tens digit of 115537452?
5
What is the hundreds digit of 22275125?
1
What is the ten millions digit of 9879032586?
7
What is the millions digit of 427941172?
7
What is the hundred thousands digit of 6885952858?
9
What is the thousands digit of 127657111?
7
What is the units digit of 402368425?
5
What is the hundred millions digit of 447361068?
4
What is the hundred thousands digit of 3571177807?
1
What is the ten millions digit of 495355026?
9
What is the millions digit of 690934714?
0
What is the thousands digit of 19944531?
4
What is the hundreds digit of 34614314?
3
What is the tens digit of 57025836?
3
What is the millions digit of 510700464?
0
What is the hundreds digit of 676356252?
2
What is the ten thousands digit of 93807775?
0
What is the hundreds digit of 542389893?
8
What is the thousands digit of 277725363?
5
What is the millions digit of 235321101?
5
What is the tens digit of 112492595?
9
What is the ten millions digit of 35173197?
3
What is the hundred thousands digit of 1026189017?
1
What is the tens digit of 7681709183?
8
What is the units digit of 4257783227?
7
What is the hundreds digit of 27613739?
7
What is the hundred thousands digit of 977087220?
0
What is the units digit of 27596793?
3
What is the ten millions digit of 29574000?
2
What is the hundred millions digit of 106251875?
1
What is the units digit of 6612213?
3
What is the millions digit of 952847611?
2
What is the ten thousands digit of 291953045?
5
What is the tens digit of 3795826311?
1
What is the hundred thousands digit of 50074117?
0
What is the hundreds digit of 2333836213?
2
What is the hundred thousands digit of 1564037235?
0
What is the ten millions digit of 24939501?
2
What is the ten thousands digit of 171043170?
4
What is the thousands digit of 55858148?
8
What is the hundred millions digit of 4066542269?
0
What is the tens digit of 39849664?
6
What is the hundred thousands digit of 667341978?
3
What is the tens digit of 246238754?
5
What is the ten thousands digit of 97943397?
4
What is the hundreds digit of 74983390?
3
What is the billions digit of 6377868938?
6
What is the millions digit of 3555280518?
5
What is the ten millions digit of 330540157?
3
What is the millions digit of 859396968?
9
What is the ten thousands digit of 568722523?
2
What is the units digit of 926998295?
5
What is the ten millions digit of 68463468?
6
What is the ten thousands digit of 239681342?
8
What is the hundred thousands digit of 1392095443?
0
What is the hundreds digit of 140885723?
7
What is the thousands digit of 26909086?
9
What is the ten thousands digit of 907230527?
3
What is the hundred thousands digit of 45706198?
7
What is the hundred thousands digit of 145829069?
8
What is the thousands digit of 134357534?
7
What is the hundreds digit of 158601403?
4
What is the hundreds digit of 15760949?
9
What is the millions digit of 81103889?
1
What is the hundreds digit of 695886374?
3
What is the ten millions digit of 5625856897?
2
What is the millions digit of 1189191201?
9
What is the thousands digit of 71727828?
7
What is the thousands digit of 4301891979?
1
What is the hundred thousands digit of 114896582?
8
What is the hundreds digit of 148246838?
8
What is the millions digit of 45041666?
5
What is the ten thousands digit of 1825